 n - 2497. List the prime factors of n.
3, 7, 17
Suppose 5630 = 3*b + 4*m, 5*m = 2*b - b - 1883. What are the prime factors of b?
2, 3, 313
Let h(i) = 3*i**3 - 4*i**2 - i + 2. Let b(g) = -3*g + 19. Let d(n) = n. Let t(c) = b(c) + 4*d(c). Let r be t(-16). List the prime factors of h(r).
2, 11
Suppose 510 = 2*g - 254. Suppose -10*h + g = -188. List the prime factors of h.
3, 19
Let k be 2/(-5) - 12/20. Let z be -2 + k + 14/1. Suppose -z*u = -6*u - 345. List the prime factors of u.
3, 23
Let s = 852 + 66. List the prime factors of s.
2, 3, 17
Let y be 4/22 - (-31)/11. Suppose w = 5*i - 296, 4*w = y*i - 61 - 103. List the prime factors of i.
2, 3, 5
Suppose -9*l = -5*l + 36. What are the prime factors of (3/l)/((-3)/(-36)) + 137?
7, 19
Let k(v) = 2*v**2 + 2. Let g be k(1). What are the prime factors of 96*(g/10 + 4/40)?
2, 3
Let o(j) = 77*j + 42. List the prime factors of o(4).
2, 5, 7
Suppose -4*l + 2*q + 2018 = 0, 5*l - 118 - 2407 = 3*q. What are the prime factors of l?
2, 251
Suppose 109*c - 117*c + 7312 = 0. List the prime factors of c.
2, 457
Suppose -4*j = 172 - 20. Let d = j - -55. List the prime factors of d.
17
List the prime factors of (3 - 58872/(-55)) + (-4)/10.
29, 37
Let f = -2290 - -3412. List the prime factors of f.
2, 3, 11, 17
Suppose 0 = y - 2*y - 2. Let m(x) = -7*x**2 + 4*x + 3. Let p be m(y). List the prime factors of p/(2*(-3)/6).
3, 11
Let u(f) be the first derivative of 7*f**3 + f + 1/2*f**2 - 5. List the prime factors of u(-1).
3, 7
Let p = -205 + 721. List the prime factors of p.
2, 3, 43
Suppose -4*n - 5 = -9*n. What are the prime factors of (-926)/(-10) - ((-24)/(-15) - n)?
2, 23
Suppose o - 4*v + v - 86 = 0, 3*v + 169 = 2*o. Suppose 4*i + 297 + o = 0. Let u = i + 163. What are the prime factors of u?
2, 17
Let c(k) = -k**2 - 9*k - 14. Let u be c(-6). Suppose -2*i = -5*i + 6. Suppose b - u = i. What are the prime factors of b?
2, 3
Suppose -b = c - 5, -4*c + 13 = -b + 3. Suppose -j + b = -1. Suppose -j*v + 5*f + 53 = 0, -4*v - f = 3*f - 28. List the prime factors of v.
11
Suppose -33*l + 30*l + 2*u + 341 = 0, 453 = 4*l - 3*u. List the prime factors of l.
3, 13
List the prime factors of 6/(-2) + (-19 - -730).
2, 3, 59
Suppose 3*j - 715 = 6*s - s, -2*s + 962 = 4*j. What are the prime factors of j?
2, 3, 5
Let a(j) = 3*j**3 + 4*j**2 + 2*j - 1. Suppose 0 = x + 5*l - 4 - 14, 0 = 2*l - 8. Let z be a(x). Let t = 10 - z. What are the prime factors of t?
23
Let a be (-14)/(-6)*(3 + -9). Let s = a - 33. Let u = -26 - s. What are the prime factors of u?
3, 7
Suppose 2*p + 1572 = 8*p. What are the prime factors of p?
2, 131
Suppose -5*n - 52 = 3*o, 4*n + 48 = -0*n - 4*o. Let z(b) = b**2 + 7*b + 3. Let h be z(n). Let u = -8 + h. What are the prime factors of u?
3
Let f be 48/64 + 34/8. Suppose 0 = -f*u + 9 + 6. Suppose u*t + t = -3*d + 258, 4*t - 254 = -5*d. List the prime factors of t.
2, 3, 11
Let u be (3 + (-6)/2)/(-1). Let m(j) = -j**3 - 2*j**2 + 8*j + 9. Let f be m(-4). Suppose -f*l + 11*l - 14 = u. List the prime factors of l.
7
Let p(r) = r**3 + 11*r**2 - 6*r - 38. What are the prime factors of p(-8)?
2, 101
Suppose 0 = 48*s - 71874 - 138318. What are the prime factors of s?
29, 151
Suppose 0 = 2*j - 27 - 415. Let q = 380 - j. What are the prime factors of q?
3, 53
Let b(k) be the first derivative of k**5/60 - k**4/6 + 3*k**3/2 - 5*k**2/2 - 8. Let s(m) be the second derivative of b(m). List the prime factors of s(7).
2, 3, 5
What are the prime factors of (-1710)/(-2 + 12)*23/(-1)?
3, 19, 23
Suppose -20 = -0*i - 5*i. Suppose i*u + 4*f - 152 = 0, -6*u + u + 5*f = -140. List the prime factors of u.
3, 11
Let t(y) = y**3 + 23*y**2 + 13*y + 94. List the prime factors of t(-21).
19, 37
Suppose 0 = -5*b + 21 - 6. Suppose 0 = 5*n - 5*d, -10 = n - b*d - 4. Suppose 3*a = -5*s + 83, 0 = -n*a + 5*s + 49 + 24. What are the prime factors of a?
2, 13
Let x be 48/(-18) + (-4)/12. Let t = 47 + -17. Let i = t + x. What are the prime factors of i?
3
Suppose 16 = -7*s + 6*s. What are the prime factors of -5*(-1 + -23) - s/16?
11
Suppose 840 = -2*b + 7*b. Suppose 5*f = 3*f + b. List the prime factors of f.
2, 3, 7
Let q(n) = -n**2 - 6*n + 6. Let s be ((-6)/(-4))/((-3)/(-8)). Suppose 0 = -s*v + 3*b - 5, -3*v + 2 = -4*b - 3. List the prime factors of q(v).
11
Let h(r) = r**2 + 30*r - 28. Let j be h(-31). Suppose -g = -5*g + 8. What are the prime factors of g - -1 - (-21)/j?
2, 5
Let o(d) = 12*d**2 - 10*d - 4. List the prime factors of o(5).
2, 3, 41
Suppose -58 = 5*m + 132. List the prime factors of (15/10 + -2)*m.
19
Let z = -235 - -152. Let g = z - -147. List the prime factors of g.
2
Let x(n) = n**3 + 7*n**2 - 7*n - 6. Let r be x(-8). Let q = 13 - r. Suppose q + 6 = 3*v. List the prime factors of v.
11
Let s be (-8)/(-2) + 0/3. Let i(z) be the first derivative of z**4/4 - z**3 - 3*z**2/2 + 6*z - 179. What are the prime factors of i(s)?
2, 5
Let f = 4 - 1. Suppose -3*l + 5*t = 6 + 3, -5*l + f*t = -1. What are the prime factors of 2 - (l - 3)*6?
2
Suppose c - 4*v + 18 = 0, -2*c = -7*c + 2*v. Let a be (c/(-4))/(2/(-984)). List the prime factors of 4/(-7) - a/(-14).
17
Let t(y) = -y**3 + 6*y**2 + 8*y - 4. Suppose 2*k - 11 = -g, 2*g - 9 = -3*k + 7. Let z be 3*(14/k - 0). What are the prime factors of t(z)?
3
Let h = 9 + -350. Let l = -215 - h. What are the prime factors of l?
2, 3, 7
Suppose s + 1 = 3. Suppose -7 = s*z - 197. List the prime factors of z.
5, 19
Let c be (127 - -2)/((-4)/12). Let b = 609 + c. Suppose -h + 5*g = -66, -4*h - 2*g + g = -b. What are the prime factors of h?
2, 7
Suppose -66*g + 10950 = -41*g. List the prime factors of g.
2, 3, 73
Suppose 14 = 3*g + d, 5*d = d + 20. Suppose -g*s + 29 = u, 0*u + 4*s + 48 = 2*u. What are the prime factors of u?
2, 13
Suppose 0 = -r - 2*p + 56, -5*r - 5*p + 252 = -2*p. Suppose 0 = 3*d - r - 0. Suppose 5*g + 2 = -x, -d - 12 = -3*x + 2*g. List the prime factors of x.
2
Suppose 6*x + 796 = 10*x. Let c = x + 0. What are the prime factors of c?
199
Suppose 0 = -14*x + 12*x + 96. Suppose -3*r = -x - 51. Suppose -2*h + h = -r. List the prime factors of h.
3, 11
Suppose -w + 4*f = -2, 4*f = f + 3. Let t(n) = 7*n + 11. What are the prime factors of t(w)?
53
Let i(p) be the first derivative of -13*p**4/4 - p**3/3 + p**2/2 + 4*p - 5. What are the prime factors of i(-2)?
2, 3, 17
Let q be (-13)/(-5) - 8/(-20). Suppose -q*m = -r - 9, 0 = -2*m + 2*r + 8 - 2. Suppose -m*g + 2*d + 82 = -1, 4*d = 3*g - 85. List the prime factors of g.
3
Let x(n) = -4*n - 9. Let m = -29 + 11. Let a be x(m). Suppose 5*p - 49 = -4*o, -o + 5*p = 2*o - a. List the prime factors of o.
2
Suppose 3*t + c = 4*c + 9, -t = -2*c. Let u(i) = -2*i**2 + 13*i + 8. What are the prime factors of u(t)?
2, 7
Suppose 2067 = w + 99*j - 95*j, w - 2031 = 5*j. List the prime factors of w.
7, 293
Let b = -178 + 183. Let o = 3 - 1. Let i = b - o. What are the prime factors of i?
3
Suppose q = 4*w - 96 - 94, 2*q + 140 = 3*w. Suppose w = 3*h + 2*x, -3*h + 3*x + 34 = -29. What are the prime factors of h?
2, 3
Let x = -971 - -4425. What are the prime factors of x?
2, 11, 157
Suppose 2*z - 2*p = 528, -z = 4*z - p - 1328. What are the prime factors of z?
2, 7, 19
Let r(t) = t**3 + 5*t**2 + 2*t - 5. Let w be r(-4). Suppose n = -3*c - 2*n + 510, -516 = -3*c + w*n. What are the prime factors of 272/9 + (-38)/c?
2, 3, 5
Let t(p) = -p**2 - 71*p + 31. What are the prime factors of t(-42)?
1249
Let w(f) = f**3 - 2*f**2 + 472. List the prime factors of w(0).
2, 59
Let r(l) = l**2 - 3*l - 2. Let k be r(5). Let z = 21 - k. Let t = 38 - z. List the prime factors of t.
5
Suppose 0 = 72*t - 7053 - 18435. List the prime factors of t.
2, 3, 59
Suppose -1 = -5*u - 6. Let v = 17 - u. List the prime factors of v.
2, 3
Suppose z - 4 = 0, 3*w - 4*z = 2*w + 31. Let d = -35 + w. List the prime factors of d.
2, 3
Let a(v) = 157*v**2 + 11*v - 92. What are the prime factors of a(-6)?
2, 41, 67
Let q(i) = -6*i**3 - 15*i**2 + 7*i - 27. What are the prime factors of q(-8)?
2029
Suppose 3*k - 457 = -157. Let x = k + 67. List the prime factors of x.
167
Suppose -5*k - 61 = -b + 36, 4*k - 3*b = -71. What are the prime factors of (16/20)/((-1)/k)?
2
What are the prime factors of 6*45647/168 - 1/4?
2, 5, 163
Let r = 15 - 13. Suppose 2*i - r*z = -3*i + 16, 2*i + 2*z + 2 = 0. Suppose 111 =